ermine o(8).
6
Let n(j) = 2*j - 5. Suppose 3*h - h = 2*d + 226, -3*h + 333 = -d. Let u = h - 40. Let b be ((-18)/(-10))/(21/u). Determine n(b).
7
Let p = 2 - 3. Let s(g) be the third derivative of 15*g**2 + 0*g - 1/8*g**4 + 1/6*g**3 + 0. Determine s(p).
4
Let f(n) be the first derivative of n**4/4 + 4*n**3/3 - 3*n**2/2 - 4*n - 3. Let y(d) = d - 1. Let r be y(-3). Give f(r).
8
Suppose -42 = -9*u + 2*u. Let s(j) = -j**2 + 6*j + 4. Let y be s(u). Let p(h) = -h**2 + 6*h - 4. Give p(y).
4
Let s be (1/(-40))/(-5*2/20). Let o(c) be the third derivative of 0 + s*c**5 + 1/2*c**3 + 0*c - 1/120*c**6 - 2*c**2 - 1/24*c**4. Give o(3).
0
Suppose 19*s = -27 - 49. Let m = 2 - 0. Let w(j) = -2 - j**m + 2 + 0 - 4*j - 3. Determine w(s).
-3
Let x(a) = -20*a - 11. Let z(h) = -17*h - 8. Let g(u) = 4*x(u) - 5*z(u). Give g(3).
11
Let u(d) = -d**3 + 5*d**2 - 3*d - 9. Let t(q) = -23*q**2 + 4 + 146*q**3 + 14*q - q**2 - 141*q**3 + 42. Let c = -24 + 35. Let z(f) = c*u(f) + 2*t(f). Give z(6).
-1
Let x(l) = -6*l + 17 - 22*l - 8*l - 5*l + 39*l. Give x(4).
9
Let n(c) = -118*c - 5 - 2 - 8*c**2 + 117*c - c**3. Let y(u) = u**3 + 7*u**2 + 7. Let q(v) = -2*n(v) - 3*y(v). Calculate q(-5).
-17
Let f(v) = 4*v - 2*v**2 - 6 - 3*v + v**2 - v**3. Let h(p) = -p + 7. Let z be h(3). Suppose -5*i + 0*s + 2 = s, 4*i - 2*s + z = 0. Calculate f(i).
-6
Let y(f) be the first derivative of 2*f**3/3 + 3*f**2 + 3*f + 2. Suppose -145 + 165 = -5*g. Calculate y(g).
11
Let b(v) be the first derivative of 2*v**2 - 22*v - 94. Give b(8).
10
Let n(c) = -c**3 + 3*c**2 - 3*c + 2. Let m be 12*6/(-9) + 3. Let s(d) = 2*d**2 + 3*d - 2 + 9*d**2 - 6 - 10*d**2. Let f be s(m). Give n(f).
0
Suppose -12 = -5*f + 2*l + 5, 4*l = -f + 21. Let u(b) be the first derivative of b - 5/2*b**2 + 1/3*b**3 + 6. Calculate u(f).
1
Let l = 419 + -278. Let n(v) = -v**2 + l*v - 145*v - 2 + 5. Determine n(-3).
6
Let h(v) be the first derivative of -2*v**3 + 3*v**2/2 - v - 27. What is h(2)?
-19
Let w = -36 - -38. Let a(c) = -654 + c**2 + 2*c - w*c**2 + 649 + 2*c**2. Calculate a(-5).
10
Let k(f) = 1. Let v(s) = -s - 10. Let r(b) = 22*k(b) + 2*v(b). Let c = 66 + -62. Suppose 0*n - c = 2*n. Determine r(n).
6
Suppose -4*j = -0*h - 4*h - 16, -5*h - 5 = 0. Suppose -10 = 2*i + y - 4*y, -12 = j*i - 3*y. Let s(u) = u. Determine s(i).
-2
Let q(v) = 2*v**2 + 5*v - 42. Let p(y) = y**2 + 2*y - 19. Let z(d) = -9*p(d) + 4*q(d). Let a = 1 - -11. Suppose -g - 2*g = -a. Give z(g).
-5
Let m(w) be the third derivative of 6*w**2 + 1/8*w**4 + 0 + w**3 + 0*w. Calculate m(-6).
-12
Suppose -18 = -2*d - 4*d. Let c(h) = 5 + 5*h**2 - d*h + h**3 + 4*h - 4. Determine c(-5).
-4
Let h(l) = 2*l + 2*l + 0*l + l**2 - 5*l. Give h(2).
2
Let v(n) = 4 - 3*n + 3*n**2 - n**3 + 0 - n. Suppose 0 = y - 5*k, -4*y + 2*y = 5*k. Suppose -2*i + 4*c - 2 + 0 = y, -4*c - 7 = -5*i. Give v(i).
-8
Let f(z) = -3*z + 8. Let c be ((-16)/(-96))/(2/180*3). Determine f(c).
-7
Let t(q) = q**3 - q**2 + 18. Let m be 65/78 + 10/(-12). Determine t(m).
18
Suppose 0 = -228*f + 241*f + 390. Let k(x) = -x**3 - 28*x**2 + 60*x + 6. Give k(f).
6
Let z(k) = 2*k**2 - 2*k + 2. Suppose -8*l = -l - 14. What is z(l)?
6
Let m(t) = 2*t. Let b(n) = 2. Let p(u) = -2*b(u) + m(u). What is p(9)?
14
Let r(z) = z - 4 - 2*z**3 + z + 3*z**3 - 4*z**2. Let w = -96 - -99. Calculate r(w).
-7
Let r be (((-16)/36)/4)/(2/(-6)). Let q(j) be the first derivative of r*j**3 + 3 - 8*j - 2*j**2. Calculate q(6).
4
Let q(t) = 16*t - 21. Let s(r) = -3*r. Let w(z) = -q(z) - 4*s(z). Calculate w(6).
-3
Let w(a) = 8*a**2 + 25*a + 10. Let s(t) = -7*t**2 - 22*t - 9. Let y(i) = 7*s(i) + 6*w(i). What is y(-4)?
-3
Suppose -7 = -5*o + 4*o. Let t(g) = 3*g**2 + 27*g + 15. Let y(f) = -f**2 - 9*f - 5. Let j(p) = o*y(p) + 2*t(p). What is j(-4)?
15
Let f(s) = -9 - 13*s + 8*s - 4*s + 12*s. Determine f(5).
6
Let p(k) = 3. Let y(i) = -i + 1. Let u(j) = 2*p(j) - y(j). Calculate u(-10).
-5
Let y(h) = 15*h - 6. Suppose 21 = 5*s - 5*l - 9, -2*l = 4*s - 12. Give y(s).
54
Let s(t) = 1. Let v(w) = -w**3 + 7*w**2 - 6*w - 6. Let j be v(6). Let g(y) = -y. Let b(x) = j*s(x) - g(x). Let c = -766 + 771. What is b(c)?
-1
Let l(h) = h**3 - 5*h**2 + 6*h - 11. Let t(i) = -4*i**2 + 5*i - 9. Let z(y) = -4*l(y) + 5*t(y). Determine z(1).
-4
Let d(v) = -5*v**3 + 11*v**2 + 25*v + 20. Let l(h) = -h**3 + 3*h**2 + 6*h + 5. Let a(s) = 2*d(s) - 9*l(s). What is a(-4)?
-5
Let q(y) = -10*y - 4. Let f(s) = -7*s - 3. Let c(m) = -7*f(m) + 5*q(m). Suppose 3*n - 8*g = -3*g - 8, 4 = -4*n + 5*g. Give c(n).
-3
Let l(p) = -3*p**2 + 3 + p**3 - 2*p**3 + 0*p**3. Suppose -2 = -4*x + 2*s + 18, -5*x + 5*s + 15 = 0. Suppose x*y + 9 = 4*y. Calculate l(y).
3
Let o(g) = -6*g**3 + 2*g + 16. Let f(u) = -5*u**3 + u**2 + 3*u + 15. Let r(y) = 7*f(y) - 6*o(y). What is r(-6)?
-9
Let r = 483 - 488. Let d(h) = -h - 9. Determine d(r).
-4
Let r(m) be the first derivative of m**4/12 - m**3/2 - 2*m + 2. Let p(n) be the first derivative of r(n). Suppose -3*v = -0 - 9. Determine p(v).
0
Let h(x) = -x**2 + 7*x - 3. Suppose 3*p - 5*r + 17 = 0, -p - 1 = -5*r + 18. Let w(d) = 8*d**3 + 4*d**2 - 5*d + 1. Let k be w(p). Give h(k).
-11
Let n(i) be the second derivative of -i**6/360 - i**5/24 - 3*i**4/8 - 11*i**3/2 + 31*i. Let f(l) be the second derivative of n(l). What is f(-6)?
-15
Suppose p + 8 = 12. Let g(s) = -s**3 + 9*s**2 + 9*s + 11. Let w be g(10). Let t(n) = -w + 1 + 2 + n. Give t(p).
6
Let b = 48 - 43. Let p(h) = -b - 4 - 3*h + 3 + 3*h**3 + 3. Give p(-2).
-21
Let y(x) = 2*x - 3*x + 0*x - 4. Suppose 4*a = 3*t + 2*t + 84, 0 = -3*a - 4*t + 32. Let b be a/(-56) - (-141)/(-21). Determine y(b).
3
Let h(f) be the second derivative of -f**5/30 + f**4/24 - 2*f**3 - 4*f. Let d(r) be the second derivative of h(r). Calculate d(2).
-7
Let y(g) = -2*g - 11. Let c(j) = -2. Let t(r) = c(r) + y(r). What is t(-9)?
5
Suppose -71*a - 190*a + 69*a = 384. Let m(d) = -3 - 3*d + 2*d**3 + 3 - 4*d**2. Calculate m(a).
-26
Let d(m) = 2*m - 2. Let o = -1 - -39. Let s = o - 40. Give d(s).
-6
Let x(d) be the first derivative of d**3/3 - 35*d - 29. Determine x(6).
1
Let l(f) be the first derivative of 2*f - 3/2*f**2 + 4. Determine l(-2).
8
Let s(t) be the first derivative of t**2 - t - 33. What is s(-7)?
-15
Let t(w) be the second derivative of 1/6*w**4 + 0*w**3 - 1/2*w**2 + 0 - 1/20*w**5 - 6*w. Suppose -9 - 3 = 4*l, -4*l = -3*n + 15. Give t(n).
0
Let z(b) = 2*b - 6. Let a(q) = 1. Let o(t) = 6*a(t) - z(t). Suppose 0 = -f - 4*n - 13, 0 = 4*f + 13*n - 5 + 39. Calculate o(f).
-10
Let q(m) = -m**2 - 3*m - 4. Let p be q(-2). Let c be (-5)/(-2) - 3/p. Suppose -2*v = 2*v + c, 1 = 3*w + 5*v. Let l(s) = 3*s**2. Determine l(w).
12
Let k(c) be the second derivative of -c**4/6 + 4*c**3/3 + 3*c**2/2 - 40*c - 1. Determine k(5).
-7
Let u(d) be the second derivative of d**4/12 - 7*d**3/6 + 3*d**2/2 + 2*d. Suppose -7 = -5*o - 3*z + 35, 2*z - 14 = -o. Give u(o).
-3
Let f(s) = -6*s**3 + 60*s**2 + 83*s - 62. Let r(i) = i**3 - 12*i**2 - 16*i + 12. Let h(q) = 2*f(q) + 11*r(q). Calculate h(-11).
-3
Let d(u) = 4*u**3 - 2*u**2 - 6*u - 22. Let a(j) = -7*j**3 + 3*j**2 + 10*j + 44. Let g(c) = -3*a(c) - 5*d(c). Calculate g(0).
-22
Let q(k) = k**3 + 3*k**2 - 6*k - 5. Let i be q(-4). Suppose -3*f = 4*a + 7, -4*f + 3*f = -a + 7. Let w(y) = -a*y + 5 - y - 4. Give w(i).
-8
Suppose -130 = -87*x + 44. Let p(o) be the first derivative of -2/3*o**3 + o - o**x - 6. Determine p(-3).
-11
Let t(b) = b**3 + 7*b**2 + 5*b - 1. Let s(k) = 1. Let j(m) = s(m) - t(m). Let c(q) = -2*q + 2. Suppose 8*d - 20 = 3*d. Let r be c(d). Determine j(r).
-4
Let k(m) = -m**3 - 21*m**2 - 17*m + 50. Let b be k(-20). Let v(i) = -4*i - 37. Give v(b).
3
Suppose 0 = 3*f - f + p - 5, 0 = 4*p + 20. Let i(o) = 1 + 3 + 2 - o**2 - f. Let j(u) = -u**3 - u**2 + 2*u - 1. Let z be j(-2). Give i(z).
0
Let a(h) be the first derivative of 8 + 0*h**2 - 2*h + 1/3*h**3. What is a(0)?
-2
Let w be (-10)/4*8/(-10). Suppose -w*l = -l + 3. Let r(t) = -5*t - 6. Let q(h) = 5*h + 5. Let i(d) = 3*q(d) + 2*r(d). Give i(l).
-12
Let h = 9 - 7. Suppose 0 = 4*r, -3*l + 20 = h*l - r. Suppose -n + l*n = 0. Let g(j) = -j**2 - j - 2. Determine g(n).
-2
Let n(g) = 6*g**3 - 21*g**3 + 11*g**3 + 3*g**3. Let a = 9 - 7. Suppose 10 = 3*r - a*b, 3*b + 17 = r + 2. Give n(r).
0
Let y(q) = q**3 + 7*q**2 - 5. Let h be y(-7). Let z(m) = -m**2 - 5*m - 3. Give z(h